{"id":809,"date":"2019-12-03T23:14:23","date_gmt":"2019-12-03T23:14:23","guid":{"rendered":"http:\/\/lisglobal.net\/?page_id=809"},"modified":"2019-12-19T10:49:13","modified_gmt":"2019-12-19T10:49:13","slug":"nossos-servicos","status":"publish","type":"page","link":"http:\/\/lisglobal.net\/?page_id=809&lang=br","title":{"rendered":"Nossos Servi\u00e7os"},"content":{"rendered":"<div class=\"container-fluid\">\n<div class=\"row\">\n<div class=\"container\">\n<div class=\"col-xs-12 col-xs-offset-0 col-sm-10 col-sm-offset-1 vertical-align-flex\">\n<div class=\"col-xs-12 col-md-3 xs-center xs-margin-top-4 md-margin-top-8 xs-margin-bottom-4 md-margin-bottom-8\"><!--<img loading=\"lazy\" decoding=\"async\" src=\"http:\/\/lisglobal.net\/wp-content\/uploads\/2018\/07\/1530626111.png\" alt=\"\" width=\"109\" height=\"109\" \/><span data-mce-type=\"bookmark\" style=\"display: inline-block; width: 0px; overflow: hidden; line-height: 0;\" class=\"mce_SELRES_end\"><\/span>--><img loading=\"lazy\" decoding=\"async\" src=\"http:\/\/lisglobal.net\/wp-content\/uploads\/2018\/07\/1532485978.png\" alt=\"\" width=\"109\" height=\"109\" \/><\/div>\n<div class=\"col-xs-12 col-md-9\">\n<h3>Conta de corretagem auto gerenciados<\/h3>\n<h4>Use a plataforma simples e segura da LIS para gerenciar seus investimentos voc\u00ea mesmo.<\/h4>\n<\/div>\n<\/div>\n<\/div>\n<\/div>\n<div class=\"row grey-bg\">\n<div class=\"container\">\n<div class=\"col-xs-12 col-xs-offset-0 col-sm-10 col-sm-offset-1 vertical-align-flex \">\n<div class=\"col-xs-12 col-md-3 xs-center xs-margin-top-4 md-margin-top-8 xs-margin-bottom-4 md-margin-bottom-8\"><img loading=\"lazy\" decoding=\"async\" src=\"http:\/\/lisglobal.net\/wp-content\/uploads\/2018\/07\/1530626118.png\" alt=\"\" width=\"147\" height=\"109\" \/><\/div>\n<div class=\"col-xs-12 col-md-9\">\n<h3>Conta de produto gerenciado<\/h3>\n<h4><span style=\"font-weight: 400;\">A LIS oferece uma gama completa de op\u00e7\u00f5es de investimentos digitais inovadores baseados na tecnologia blockchain, incluindo criptomoedas e outros ativos digitais. <\/span><\/h4>\n<h4><span style=\"font-weight: 400;\">A LIS tem a experi\u00eancia para ajuda-lo a alavancar essa classe emergente de ativos digitais para um portf\u00f3lio diversificado e bem gerenciado. Deixe que nossas d\u00e9cadas de experi\u00eancia em investimentos tradicionais e digitais ajudem voc\u00ea.<br \/>\n<\/span><\/h4>\n<\/div>\n<\/div>\n<\/div>\n<\/div>\n<div class=\"row\">\n<div class=\"container\">\n<div class=\"col-xs-12 col-xs-offset-0 col-sm-10 col-sm-offset-1 vertical-align-flex\">\n<div class=\"col-xs-12 col-md-3 xs-center xs-margin-top-4 md-margin-top-8 xs-margin-bottom-4 md-margin-bottom-8\"><!--<img loading=\"lazy\" decoding=\"async\" class=\"\" src=\"http:\/\/lisglobal.net\/wp-content\/uploads\/2018\/07\/1530624662.png\" alt=\"\" width=\"125\" height=\"109\" \/>--> <img loading=\"lazy\" decoding=\"async\" src=\"http:\/\/lisglobal.net\/wp-content\/uploads\/2018\/07\/1532485977.png\" alt=\"\" width=\"125\" height=\"109\" \/><\/div>\n<div class=\"col-xs-12 col-md-9\">\n<h3>Servi\u00e7os de convers\u00e3o barras de metais preciosos \u2013 cripto \u2013 dinheiro<\/h3>\n<h4>A LIS oferece servi\u00e7os seguros para seus ativos digitais e metais preciosos.<\/h4>\n<ul>\n<li style=\"font-weight: 400;\">\n<h4><span style=\"font-weight: 400;\">Converta criptoativos para metais preciosos f\u00edsicos e vice versa <\/span><\/h4>\n<\/li>\n<li style=\"font-weight: 400;\">\n<h4><span style=\"font-weight: 400;\">Converta criptoativos para moedas e vice versa<\/span><\/h4>\n<\/li>\n<li style=\"font-weight: 400;\">\n<h4><span style=\"font-weight: 400;\">Guarde, movimente e gerencie metais preciosos<\/span><\/h4>\n<\/li>\n<\/ul>\n<\/div>\n<\/div>\n<\/div>\n<\/div>\n<div class=\"row grey-bg\">\n<div class=\"container\">\n<div class=\"col-xs-12 col-xs-offset-0 col-sm-10 col-sm-offset-1 vertical-align-flex\">\n<div class=\"col-xs-12 col-md-3 xs-center xs-margin-top-4 md-margin-top-8 xs-margin-bottom-4 md-margin-bottom-8\"><img loading=\"lazy\" decoding=\"async\" src=\"http:\/\/lisglobal.net\/wp-content\/uploads\/2018\/07\/1530626130.png\" alt=\"\" width=\"101\" height=\"109\" \/><\/div>\n<div class=\"col-xs-12 col-md-9\">\n<h3>Servi\u00e7os de cust\u00f3dia off-line<\/h3>\n<h4><span style=\"font-weight: 400;\">Tenha certeza que seus ativos digitais est\u00e3o protegidos e ainda assim facilmente acess\u00e1veis.<\/span><\/h4>\n<h4><span style=\"font-weight: 400;\">A LIS oferece op\u00e7\u00f5es seguras de guarda, muito al\u00e9m das solu\u00e7\u00f5es simples que podem ser perdidas ou destru\u00eddas, comprometendo seus investimentos.<\/span><\/h4>\n<h4><span style=\"font-weight: 400;\">A LIS mantem registros de guarda em 10 locais seguros pelo mundo, mitigando a exposi\u00e7\u00e3o e vulnerabilidades encontradas em outras op\u00e7\u00f5es de guarda. <\/span><\/h4>\n<\/div>\n<\/div>\n<\/div>\n<\/div>\n<\/div>\n<div class=\"row\">\n<div class=\"container\">\n<div class=\"col-xs-12 col-xs-offset-0 col-sm-10 col-sm-offset-1 vertical-align-flex\">\n<div class=\"col-xs-12 col-md-3 xs-center xs-margin-top-4 md-margin-top-8 xs-margin-bottom-4 md-margin-bottom-8\"><!--<img loading=\"lazy\" decoding=\"async\" src=\"http:\/\/lisglobal.net\/wp-content\/uploads\/2018\/10\/1540463673.png\" alt=\"\" width=\"109\" height=\"109\" \/><span data-mce-type=\"bookmark\" style=\"display: inline-block; width: 0px; overflow: hidden; line-height: 0;\" class=\"mce_SELRES_end\"><\/span>--><img loading=\"lazy\" decoding=\"async\" src=\"http:\/\/lisglobal.net\/wp-content\/uploads\/2018\/10\/1540463673.png\" alt=\"\" width=\"109\" height=\"109\" \/><\/div>\n<div class=\"col-xs-12 col-md-9\">\n<h3>Servi\u00e7os<\/h3>\n<h4>N\u00f3s trabalhamos com os maiores provedores de liquidez da ind\u00fastria, assim como mantemos um substancial pool de compradores e vendedores. A LIS ir\u00e1 trabalhar pessoalmente com voc\u00ea para fazer o processo simples, f\u00e1cil, e sem percal\u00e7os.<\/h4>\n<\/div>\n<\/div>\n<\/div>\n<\/div>\n","protected":false},"excerpt":{"rendered":"<p>Conta de corretagem auto gerenciados Use a plataforma simples e segura da LIS para gerenciar seus investimentos voc\u00ea mesmo. Conta de produto gerenciado A LIS oferece uma gama completa de op\u00e7\u00f5es de investimentos digitais inovadores baseados na tecnologia blockchain, incluindo criptomoedas e outros ativos digitais. A LIS tem a experi\u00eancia para ajuda-lo a alavancar essa [&hellip;]<\/p>\n","protected":false},"author":8,"featured_media":0,"parent":0,"menu_order":0,"comment_status":"closed","ping_status":"closed","template":"","meta":{"footnotes":""},"class_list":["post-809","page","type-page","status-publish","hentry"],"_links":{"self":[{"href":"http:\/\/lisglobal.net\/index.php?rest_route=\/wp\/v2\/pages\/809","targetHints":{"allow":["GET"]}}],"collection":[{"href":"http:\/\/lisglobal.net\/index.php?rest_route=\/wp\/v2\/pages"}],"about":[{"href":"http:\/\/lisglobal.net\/index.php?rest_route=\/wp\/v2\/types\/page"}],"author":[{"embeddable":true,"href":"http:\/\/lisglobal.net\/index.php?rest_route=\/wp\/v2\/users\/8"}],"replies":[{"embeddable":true,"href":"http:\/\/lisglobal.net\/index.php?rest_route=%2Fwp%2Fv2%2Fcomments&post=809"}],"version-history":[{"count":7,"href":"http:\/\/lisglobal.net\/index.php?rest_route=\/wp\/v2\/pages\/809\/revisions"}],"predecessor-version":[{"id":829,"href":"http:\/\/lisglobal.net\/index.php?rest_route=\/wp\/v2\/pages\/809\/revisions\/829"}],"wp:attachment":[{"href":"http:\/\/lisglobal.net\/index.php?rest_route=%2Fwp%2Fv2%2Fmedia&parent=809"}],"curies":[{"name":"wp","href":"https:\/\/api.w.org\/{rel}","templated":true}]}}